44 + p**5/20 + 13*p**4/24 - 4*p**2. Let l(s) be the second derivative of b(s). Calculate l(-6).
12
Let s(a) = -26*a - 1. Suppose 14 = 49*h - 63*h. What is s(h)?
25
Let f(i) be the second derivative of 1/6*i**3 - 16*i - 1/20*i**5 - 9/2*i**2 + 0 + 0*i**4. What is f(0)?
-9
Let v(s) = -4*s - 4. Let a = -33 + 36. Let y = -1 - a. Give v(y).
12
Let g = -1610 + 1612. Let x(c) = -14*c - 4. Determine x(g).
-32
Let p(h) = h**3 - 9*h**2 - 2*h + 5. Let x = 280 - 271. Calculate p(x).
-13
Suppose -3*t + 48 = 5*t. Let v(b) be the first derivative of -b**3/3 + 5*b**2/2 + 5*b - 12. Calculate v(t).
-1
Let s(h) be the second derivative of -1/3*h**3 + 0 + 1/3*h**4 - h**2 - 1/20*h**5 - 2*h. Suppose 201*q - 798 + 43 = 49. Determine s(q).
-10
Let f(j) be the third derivative of j**6/120 - j**5/10 + j**4/8 + 5*j**3/3 + 102*j**2. What is f(5)?
0
Let s(x) be the first derivative of x**2 + 10*x + 71. Give s(6).
22
Let n(t) be the third derivative of -t**5/120 + t**4/3 - t**3/3 - 2*t**2. Let w(j) be the first derivative of n(j). Suppose m + 15*m = 8*m. What is w(m)?
8
Let g(p) be the third derivative of p**6/120 - p**5/10 + 2*p**3/3 + p**2. Let i = -14 - -16. Suppose 0*x + 10 = i*m - 2*x, 5*m - 29 = x. Calculate g(m).
4
Let n(t) = t**3 + 6*t**2 + 5*t - 8. Let v be 0 - 0 - 6/(-24)*-20. What is n(v)?
-8
Let m(u) = 11*u**2 + 13*u + 8. Let j be m(-1). Let p(y) = -y**2 + 8*y + 3. What is p(j)?
15
Let d(u) = -9*u + 29. Let x(t) = t - 6. Let g(w) = -d(w) - 5*x(w). What is g(1)?
5
Let q(k) = -k**3 - 8*k**2 + 10*k + 4. Let d be (-6)/(24/18*4/8). Give q(d).
-5
Suppose 2*c = -2*c + 16. Suppose c*j + x - 5 = 13, 3*x + 1 = -j. Let f(g) = -2*g - 3*g**2 - 6162 + 6169 + g**3 - 2*g**2. Calculate f(j).
-3
Let b(n) be the first derivative of -1/3*n**3 - n**2 + n - 6 + 1/4*n**4. Give b(2).
1
Let d(m) = m + 1. Let v = -30 + 31. Let c be (v + 0)/(17 - 18). Give d(c).
0
Let x(m) = -2*m + 27. Suppose 311*r - 303*r - 72 = 0. Give x(r).
9
Suppose 2*u = 4*b - 4 + 2, 2*u + 14 = -2*b. Let m(a) = a**3 + 6*a**2 + 3*a - 9. Let l be m(u). Let x(c) = -c**3 + c**2 - c + 1. What is x(l)?
0
Let j = -190 - -196. Let f(c) = -2*c + 14. Determine f(j).
2
Let y(n) = 13*n**3 - 4*n**2 - 11*n - 11. Let h(b) = -11*b**3 + 5*b**2 + 9*b + 9. Let q(t) = -6*h(t) - 5*y(t). Give q(10).
11
Let g be (-7)/35 + (-16)/20. Let v(x) = 31*x**2 - 2*x - 1. Give v(g).
32
Let f(l) = l**2 + 21*l - 137. Let m be f(-26). Let r(d) = d**2 + 9*d + 12. Calculate r(m).
-2
Let z(j) = -3*j**2 - 5*j - 3. Let p(h) = -9*h**2 - 14*h - 8. Let y(m) = 6*p(m) - 17*z(m). Give y(4).
-41
Let w(z) = z**3 + 4*z**2 + 13*z - 20. Let k(p) = p**3 + 5*p**2 + 10*p - 19. Let g(s) = -3*k(s) + 2*w(s). Determine g(-6).
5
Let n(f) be the second derivative of -f**2 - 1/3*f**3 - 4*f + 0. What is n(6)?
-14
Let c(k) = 2*k + 4. Let m be c(9). Let j = -20 + m. Let l(h) = -5*h**2 + 3*h**2 - 4*h**2 - h**3 + h**j - 3*h + 1. What is l(-3)?
-8
Let k(g) = g**2 + g. Let a(u) = u**2 - 2*u - 1. Let c(v) = 2*v - 3. Let s be c(2). Let d(x) = s*a(x) - 2*k(x). Calculate d(-6).
-13
Let l(i) = i**2 - 7*i - 1. Suppose 116 - 141 = -5*o. Calculate l(o).
-11
Let r(g) be the first derivative of g**3/3 - g**2 - 3*g + 10. Let n be r(4). Let o(b) = -b**3 + 4*b**2 + 2*b - 1. What is o(n)?
-16
Suppose -k - 2*j - 15 = 0, -j - 48 = k + 4*k. Let g(z) = -z - 3. Let y be g(k). Let b(a) = 18*a - 6*a**2 - 58*a + a**3 + 39*a. Calculate b(y).
-6
Let v(s) be the third derivative of s**6/40 + s**5/30 + s**4/24 - 60*s**2. Determine v(-1).
-2
Let j(v) = -v + v**3 - v**2 - v + 0*v. Let z = 164 - 163. Let x(o) = o**2 - 1. Let a(h) = z*j(h) - 3*x(h). What is a(4)?
-5
Let t(k) = -4*k**3 - 5*k**3 - 13*k**3 + 22*k**3 - 4*k**2 + 13*k - k**3 + 5. Calculate t(-6).
-1
Let q(o) be the second derivative of -o**4/6 + o**2/2 - o + 2. Calculate q(-2).
-7
Let y(u) = -2*u - 4. Let d be y(-3). Let z(b) = -3*b**d + 1 + 3*b + b - b. Determine z(3).
-17
Let z = 33 - 28. Suppose m - 5*b = 0, 17 = -5*m - z*b - 13. Let d(i) = i + 4. Calculate d(m).
-1
Let t(l) = -7*l + 7. Let b(q) = 28*q - 29. Let z(n) = -2*b(n) - 9*t(n). Give z(2).
9
Suppose 9 = -7*m + 6*m + f, -5*f = -20. Let l(c) be the third derivative of 1/12*c**5 + 0*c**4 - c**2 + 1/120*c**6 + 2/3*c**3 + 0*c + 0. Determine l(m).
4
Let t(k) = k - 1. Let h = 113 - 109. Let i be (56/(-32))/((-1)/h). Give t(i).
6
Let k(q) = -5*q**3 + 2*q - 1. Let m = 12 - 40. Suppose -38 = 2*d - 96. Let j = m + d. Give k(j).
-4
Let j(d) = -2*d**2 - 3*d + 16. Let c be j(-4). Let r(b) be the third derivative of b**4/12 + 2*b**3/3 - 3*b**2. What is r(c)?
-4
Let i(s) = -s**3 + 9*s**2 + s - 9. Let z be -1*42 - (7 - 10). Let h = z - -48. Calculate i(h).
0
Let l(b) = -11*b + 1. Let w(q) = 8*q - 2. Let s(o) = 3*l(o) + 4*w(o). Give s(-15).
10
Let a = 143 - 150. Let d(r) = 2*r**2 + 12*r - 16. What is d(a)?
-2
Let i = -20 - -21. Let a(q) = q. Let m(p) = p**2 + 2*p + 3. Let x(r) = i*m(r) - 2*a(r). What is x(0)?
3
Let a(y) = y + 1. Let m = -37 - -53. Suppose 5*o + m = 66. Let c = o - 4. Determine a(c).
7
Let p be (-57 - 1) + (-150)/30. Let u = p + 65. Let w(o) = -o**3 + 2*o**2 + o + 2. What is w(u)?
4
Let k(j) = j**2 - 5*j + 1. Let m = -10 + -1. Let l(q) = -2*q - 15. Let t be l(m). Calculate k(t).
15
Let a(m) = m**2 + 2*m - 61. Let f be a(-9). Let r be (-2)/2*20/(-4). Let j(g) = -3*g + 4 + 1 + 1 - r. Determine j(f).
-5
Let f(a) = 2. Let g(h) = 2*h**2 + 6*h + 11. Let c(u) = -4*f(u) + g(u). Let r = 12 - 16. What is c(r)?
11
Let t(n) be the third derivative of -n**5/60 - n**4/8 - 5*n**3/6 - 2*n**2 - 19*n. What is t(-3)?
-5
Let a(s) be the first derivative of 3*s + 4/3*s**3 - 2*s**2 + 6. Suppose -4*b + 2 = -3*b. Give a(b).
11
Let t(l) = 15*l - 147. Let v be t(10). Let h(x) be the second derivative of 1/6*x**v + 3*x + 0 + 5/2*x**2. Calculate h(-6).
-1
Let w(b) be the third derivative of b**4/12 + 3*b**3/2 + 117*b**2. Let l be 19/(-3) + (-1)/(-3). Determine w(l).
-3
Let n = -50 - -56. Let f(g) = g - g**3 - 2 - 5*g + 4 + 0*g + n*g**2. Determine f(5).
7
Let h = -16 + 13. Let n(i) = i**3 + 3*i**2 + 4*i - 7. Let k(s) = -s**3 - 3*s**2 - 5*s + 8. Let v(o) = -5*k(o) - 6*n(o). What is v(h)?
-1
Let d(o) be the first derivative of 1/8*o**4 - 1/120*o**6 - o**2 + 0*o + 1/20*o**5 - 1/3*o**3 - 4. Let v(j) be the second derivative of d(j). Give v(3).
7
Let u(x) = x + 4. Let o be 1/(-4) - 116/(-16). Suppose -o*n - n = 0. Give u(n).
4
Let p = -2 - 5. Let b(h) = 1. Let v(d) = d. Let l(o) = 2*b(o) + v(o). Determine l(p).
-5
Let o(r) be the second derivative of -r**4/12 - 3*r**3/2 + 3*r**2 + 399*r. Calculate o(-10).
-4
Let p(v) = 2*v**3 + 3*v**2 + 9*v + 10. Let o(l) = 2*l**3 + 3*l**2 + 8*l + 9. Let a(b) = -7*o(b) + 6*p(b). Suppose 6*f = -f - 14. Give a(f).
5
Let n(w) = -w**3 + 3*w**2 + 3*w - 2. Let i(g) = g**3 + 18*g**2 + 32*g + 7. Let a be i(-16). Let v be 3*2 + -1*1. Suppose v*d = a*d - 8. Determine n(d).
-6
Let r(j) be the second derivative of j**5/20 - 4*j**3/3 - j**2 - 440*j. What is r(-3)?
-5
Let x = 10 - 6. Suppose 5 = 2*m + 1. Let q(r) = 0*r - 2*r**2 + m + r**2 + 2*r. Calculate q(x).
-6
Let j(m) be the first derivative of m**6/360 - m**5/120 - 5*m**4/24 - 13*m**3/3 + 10. Let d(o) be the third derivative of j(o). Give d(-4).
15
Let l(w) be the second derivative of 0 - 1/6*w**3 - 3*w - 3/2*w**2. Calculate l(-4).
1
Let v(n) = 21 + n**3 - n - 8*n**2 - 23 + 10. Determine v(8).
0
Suppose -3*p - 29 = -2*d, 5*p - 2*d = -4*d - 43. Let y(s) = -14*s - s**3 - 2 - 10*s**2 + 2 + 3*s. What is y(p)?
18
Let y(z) = z - 6. Suppose -r = 3*r - 8. Suppose 4*j + 14 - 34 = 0. Suppose -q - j*s = -6*q + 40, -4*q + 28 = -r*s. Determine y(q).
0
Let q(n) = n**3 - 2*n**2 - n + 2. Let v be (-6)/(-5)*(104/(-16) + 9). Determine q(v).
8
Let x(h) = 4*h + 2 - h - 7*h + 3*h. Give x(1).
1
Let h(o) be the first derivative of -o**3/3 + 4*o**2 + 19*o - 127. Determine h(10).
-1
Let m(f) = -f**2 - 10*f + 27. Let v be m(-13). Let q(y) = 32*y + 12. Let a(i) = 13*i + 5. Let w(s) = v*a(s) + 5*q(s). What is w(1)?
4
Let i(k) = k**3 - 5*k**2 - 4*k + 10. Suppose c - 22*c + 105 = 0. Give i(c).
-10
Let k(b) = 20*b - 23. Let t(w) = -7*w + 8. Let l(s) = -4*k(s) - 11*t(s). Suppose 0 = 2*d - 2*m + 22, -3*d - 3*m - 7 = -d. Let n = d + 11. What is l(n)?
-5
Let m(d) be the first derivative of -14*d - 46 + 2*d - d**2 + 99. Calculate m(-7).
2
Let v(k) = -8*k**2 - 3*k + 3. Let l be v(1).